{"id":971,"date":"2020-02-06T09:12:06","date_gmt":"2020-02-06T08:12:06","guid":{"rendered":"http:\/\/merzbach.be\/?page_id=971"},"modified":"2020-05-11T12:10:33","modified_gmt":"2020-05-11T10:10:33","slug":"henryk-merzbach","status":"publish","type":"page","link":"https:\/\/merzbach.be\/index.php\/henryk-merzbach\/","title":{"rendered":"Henryk"},"content":{"rendered":"","protected":true},"excerpt":{"rendered":"","protected":true},"author":1,"featured_media":1077,"parent":0,"menu_order":0,"comment_status":"closed","ping_status":"closed","template":"","meta":[],"yoast_head":"<!-- This site is optimized with the Yoast SEO plugin v19.8 - https:\/\/yoast.com\/wordpress\/plugins\/seo\/ -->\n<title>Henryk Merzbach | Merzbach .be<\/title>\n<meta name=\"description\" content=\"A travers ce site d\u00e9couvrez l&#039;histoire des principales personnes de la famille Merzbach. Henryk Merzbach \u00e9tait n\u00e9 en d\u00e9cembre 1837 \u00e0 Varsovie\" \/>\n<meta name=\"robots\" content=\"index, follow, max-snippet:-1, max-image-preview:large, max-video-preview:-1\" \/>\n<link rel=\"canonical\" href=\"https:\/\/merzbach.be\/index.php\/henryk-merzbach\/\" \/>\n<meta property=\"og:locale\" content=\"en_US\" \/>\n<meta property=\"og:type\" content=\"article\" \/>\n<meta property=\"og:title\" content=\"Henryk Merzbach | Merzbach .be\" \/>\n<meta property=\"og:description\" content=\"A travers ce site d\u00e9couvrez l&#039;histoire des principales personnes de la famille Merzbach. Henryk Merzbach \u00e9tait n\u00e9 en d\u00e9cembre 1837 \u00e0 Varsovie\" \/>\n<meta property=\"og:url\" content=\"https:\/\/merzbach.be\/index.php\/henryk-merzbach\/\" \/>\n<meta property=\"og:site_name\" content=\"Merzbach\" \/>\n<meta property=\"article:modified_time\" content=\"2020-05-11T10:10:33+00:00\" \/>\n<meta name=\"twitter:card\" content=\"summary_large_image\" \/>\n<meta name=\"twitter:label1\" content=\"Est. reading time\" \/>\n\t<meta name=\"twitter:data1\" content=\"135 minutes\" \/>\n<script type=\"application\/ld+json\" class=\"yoast-schema-graph\">{\"@context\":\"https:\/\/schema.org\",\"@graph\":[{\"@type\":\"WebPage\",\"@id\":\"https:\/\/merzbach.be\/index.php\/henryk-merzbach\/\",\"url\":\"https:\/\/merzbach.be\/index.php\/henryk-merzbach\/\",\"name\":\"Henryk Merzbach | Merzbach .be\",\"isPartOf\":{\"@id\":\"https:\/\/merzbach.be\/#website\"},\"datePublished\":\"2020-02-06T08:12:06+00:00\",\"dateModified\":\"2020-05-11T10:10:33+00:00\",\"breadcrumb\":{\"@id\":\"https:\/\/merzbach.be\/index.php\/henryk-merzbach\/#breadcrumb\"},\"inLanguage\":\"en-US\"},{\"@type\":\"WebSite\",\"@id\":\"https:\/\/merzbach.be\/#website\",\"url\":\"https:\/\/merzbach.be\/\",\"name\":\"Merzbach\",\"description\":\"Merzbach&#039;s Familly\",\"publisher\":{\"@id\":\"https:\/\/merzbach.be\/#\/schema\/person\/4fa577873e7be3faca897be81b348d63\"},\"potentialAction\":[{\"@type\":\"SearchAction\",\"target\":{\"@type\":\"EntryPoint\",\"urlTemplate\":\"https:\/\/merzbach.be\/?s={search_term_string}\"},\"query-input\":\"required name=search_term_string\"}],\"inLanguage\":\"en-US\"}]}<\/script>\n<!-- \/ Yoast SEO plugin. -->","yoast_head_json":{"title":"Henryk Merzbach | Merzbach .be","description":"A travers ce site d\u00e9couvrez l'histoire des principales personnes de la famille Merzbach. Henryk Merzbach \u00e9tait n\u00e9 en d\u00e9cembre 1837 \u00e0 Varsovie","robots":{"index":"index","follow":"follow","max-snippet":"max-snippet:-1","max-image-preview":"max-image-preview:large","max-video-preview":"max-video-preview:-1"},"canonical":"https:\/\/merzbach.be\/index.php\/henryk-merzbach\/","og_locale":"en_US","og_type":"article","og_title":"Henryk Merzbach | Merzbach .be","og_description":"A travers ce site d\u00e9couvrez l'histoire des principales personnes de la famille Merzbach. Henryk Merzbach \u00e9tait n\u00e9 en d\u00e9cembre 1837 \u00e0 Varsovie","og_url":"https:\/\/merzbach.be\/index.php\/henryk-merzbach\/","og_site_name":"Merzbach","article_modified_time":"2020-05-11T10:10:33+00:00","twitter_card":"summary_large_image","twitter_misc":{"Est. reading time":"135 minutes"},"schema":{"@context":"https:\/\/schema.org","@graph":[{"@type":"WebPage","@id":"https:\/\/merzbach.be\/index.php\/henryk-merzbach\/","url":"https:\/\/merzbach.be\/index.php\/henryk-merzbach\/","name":"Henryk Merzbach | Merzbach .be","isPartOf":{"@id":"https:\/\/merzbach.be\/#website"},"datePublished":"2020-02-06T08:12:06+00:00","dateModified":"2020-05-11T10:10:33+00:00","breadcrumb":{"@id":"https:\/\/merzbach.be\/index.php\/henryk-merzbach\/#breadcrumb"},"inLanguage":"en-US"},{"@type":"WebSite","@id":"https:\/\/merzbach.be\/#website","url":"https:\/\/merzbach.be\/","name":"Merzbach","description":"Merzbach&#039;s Familly","publisher":{"@id":"https:\/\/merzbach.be\/#\/schema\/person\/4fa577873e7be3faca897be81b348d63"},"potentialAction":[{"@type":"SearchAction","target":{"@type":"EntryPoint","urlTemplate":"https:\/\/merzbach.be\/?s={search_term_string}"},"query-input":"required name=search_term_string"}],"inLanguage":"en-US"}]}},"_links":{"self":[{"href":"https:\/\/merzbach.be\/index.php\/wp-json\/wp\/v2\/pages\/971"}],"collection":[{"href":"https:\/\/merzbach.be\/index.php\/wp-json\/wp\/v2\/pages"}],"about":[{"href":"https:\/\/merzbach.be\/index.php\/wp-json\/wp\/v2\/types\/page"}],"author":[{"embeddable":true,"href":"https:\/\/merzbach.be\/index.php\/wp-json\/wp\/v2\/users\/1"}],"replies":[{"embeddable":true,"href":"https:\/\/merzbach.be\/index.php\/wp-json\/wp\/v2\/comments?post=971"}],"version-history":[{"count":776,"href":"https:\/\/merzbach.be\/index.php\/wp-json\/wp\/v2\/pages\/971\/revisions"}],"predecessor-version":[{"id":4013,"href":"https:\/\/merzbach.be\/index.php\/wp-json\/wp\/v2\/pages\/971\/revisions\/4013"}],"wp:featuredmedia":[{"embeddable":true,"href":"https:\/\/merzbach.be\/index.php\/wp-json\/wp\/v2\/media\/1077"}],"wp:attachment":[{"href":"https:\/\/merzbach.be\/index.php\/wp-json\/wp\/v2\/media?parent=971"}],"curies":[{"name":"wp","href":"https:\/\/api.w.org\/{rel}","templated":true}]}}