{"id":1449,"date":"2020-03-03T23:00:02","date_gmt":"2020-03-03T22:00:02","guid":{"rendered":"http:\/\/merzbach.be\/?page_id=1449"},"modified":"2020-05-12T00:11:03","modified_gmt":"2020-05-11T22:11:03","slug":"charles-le-hardy-de-beaulieu","status":"publish","type":"page","link":"https:\/\/merzbach.be\/index.php\/charles-le-hardy-de-beaulieu\/","title":{"rendered":"Charles LHDB"},"content":{"rendered":"","protected":true},"excerpt":{"rendered":"","protected":true},"author":1,"featured_media":1077,"parent":0,"menu_order":0,"comment_status":"closed","ping_status":"closed","template":"","meta":[],"yoast_head":"<!-- This site is optimized with the Yoast SEO plugin v19.8 - https:\/\/yoast.com\/wordpress\/plugins\/seo\/ -->\n<title>Charles le Hardy de Beaulieu | Merzbach .be<\/title>\n<meta name=\"description\" content=\"Charles le Hardy de Beaulieu est le papa de Pauline le Hardy de Beaulieu. C&#039;\u00e9tait un grand avocat \u00e0 Bruxelles. Il est n\u00e9 en 1819 \u00e0 Ixelles et d\u00e9c\u00e8de en 1875\" \/>\n<meta name=\"robots\" content=\"index, follow, max-snippet:-1, max-image-preview:large, max-video-preview:-1\" \/>\n<link rel=\"canonical\" href=\"https:\/\/merzbach.be\/index.php\/charles-le-hardy-de-beaulieu\/\" \/>\n<meta property=\"og:locale\" content=\"en_US\" \/>\n<meta property=\"og:type\" content=\"article\" \/>\n<meta property=\"og:title\" content=\"Charles le Hardy de Beaulieu | Merzbach .be\" \/>\n<meta property=\"og:description\" content=\"Charles le Hardy de Beaulieu est le papa de Pauline le Hardy de Beaulieu. C&#039;\u00e9tait un grand avocat \u00e0 Bruxelles. Il est n\u00e9 en 1819 \u00e0 Ixelles et d\u00e9c\u00e8de en 1875\" \/>\n<meta property=\"og:url\" content=\"https:\/\/merzbach.be\/index.php\/charles-le-hardy-de-beaulieu\/\" \/>\n<meta property=\"og:site_name\" content=\"Merzbach\" \/>\n<meta property=\"article:modified_time\" content=\"2020-05-11T22:11:03+00:00\" \/>\n<meta name=\"twitter:card\" content=\"summary_large_image\" \/>\n<meta name=\"twitter:label1\" content=\"Est. reading time\" \/>\n\t<meta name=\"twitter:data1\" content=\"22 minutes\" \/>\n<script type=\"application\/ld+json\" class=\"yoast-schema-graph\">{\"@context\":\"https:\/\/schema.org\",\"@graph\":[{\"@type\":\"WebPage\",\"@id\":\"https:\/\/merzbach.be\/index.php\/charles-le-hardy-de-beaulieu\/\",\"url\":\"https:\/\/merzbach.be\/index.php\/charles-le-hardy-de-beaulieu\/\",\"name\":\"Charles le Hardy de Beaulieu | Merzbach .be\",\"isPartOf\":{\"@id\":\"https:\/\/merzbach.be\/#website\"},\"datePublished\":\"2020-03-03T22:00:02+00:00\",\"dateModified\":\"2020-05-11T22:11:03+00:00\",\"breadcrumb\":{\"@id\":\"https:\/\/merzbach.be\/index.php\/charles-le-hardy-de-beaulieu\/#breadcrumb\"},\"inLanguage\":\"en-US\"},{\"@type\":\"WebSite\",\"@id\":\"https:\/\/merzbach.be\/#website\",\"url\":\"https:\/\/merzbach.be\/\",\"name\":\"Merzbach\",\"description\":\"Merzbach&#039;s Familly\",\"publisher\":{\"@id\":\"https:\/\/merzbach.be\/#\/schema\/person\/4fa577873e7be3faca897be81b348d63\"},\"potentialAction\":[{\"@type\":\"SearchAction\",\"target\":{\"@type\":\"EntryPoint\",\"urlTemplate\":\"https:\/\/merzbach.be\/?s={search_term_string}\"},\"query-input\":\"required name=search_term_string\"}],\"inLanguage\":\"en-US\"}]}<\/script>\n<!-- \/ Yoast SEO plugin. -->","yoast_head_json":{"title":"Charles le Hardy de Beaulieu | Merzbach .be","description":"Charles le Hardy de Beaulieu est le papa de Pauline le Hardy de Beaulieu. C'\u00e9tait un grand avocat \u00e0 Bruxelles. Il est n\u00e9 en 1819 \u00e0 Ixelles et d\u00e9c\u00e8de en 1875","robots":{"index":"index","follow":"follow","max-snippet":"max-snippet:-1","max-image-preview":"max-image-preview:large","max-video-preview":"max-video-preview:-1"},"canonical":"https:\/\/merzbach.be\/index.php\/charles-le-hardy-de-beaulieu\/","og_locale":"en_US","og_type":"article","og_title":"Charles le Hardy de Beaulieu | Merzbach .be","og_description":"Charles le Hardy de Beaulieu est le papa de Pauline le Hardy de Beaulieu. C'\u00e9tait un grand avocat \u00e0 Bruxelles. Il est n\u00e9 en 1819 \u00e0 Ixelles et d\u00e9c\u00e8de en 1875","og_url":"https:\/\/merzbach.be\/index.php\/charles-le-hardy-de-beaulieu\/","og_site_name":"Merzbach","article_modified_time":"2020-05-11T22:11:03+00:00","twitter_card":"summary_large_image","twitter_misc":{"Est. reading time":"22 minutes"},"schema":{"@context":"https:\/\/schema.org","@graph":[{"@type":"WebPage","@id":"https:\/\/merzbach.be\/index.php\/charles-le-hardy-de-beaulieu\/","url":"https:\/\/merzbach.be\/index.php\/charles-le-hardy-de-beaulieu\/","name":"Charles le Hardy de Beaulieu | Merzbach .be","isPartOf":{"@id":"https:\/\/merzbach.be\/#website"},"datePublished":"2020-03-03T22:00:02+00:00","dateModified":"2020-05-11T22:11:03+00:00","breadcrumb":{"@id":"https:\/\/merzbach.be\/index.php\/charles-le-hardy-de-beaulieu\/#breadcrumb"},"inLanguage":"en-US"},{"@type":"WebSite","@id":"https:\/\/merzbach.be\/#website","url":"https:\/\/merzbach.be\/","name":"Merzbach","description":"Merzbach&#039;s Familly","publisher":{"@id":"https:\/\/merzbach.be\/#\/schema\/person\/4fa577873e7be3faca897be81b348d63"},"potentialAction":[{"@type":"SearchAction","target":{"@type":"EntryPoint","urlTemplate":"https:\/\/merzbach.be\/?s={search_term_string}"},"query-input":"required name=search_term_string"}],"inLanguage":"en-US"}]}},"_links":{"self":[{"href":"https:\/\/merzbach.be\/index.php\/wp-json\/wp\/v2\/pages\/1449"}],"collection":[{"href":"https:\/\/merzbach.be\/index.php\/wp-json\/wp\/v2\/pages"}],"about":[{"href":"https:\/\/merzbach.be\/index.php\/wp-json\/wp\/v2\/types\/page"}],"author":[{"embeddable":true,"href":"https:\/\/merzbach.be\/index.php\/wp-json\/wp\/v2\/users\/1"}],"replies":[{"embeddable":true,"href":"https:\/\/merzbach.be\/index.php\/wp-json\/wp\/v2\/comments?post=1449"}],"version-history":[{"count":119,"href":"https:\/\/merzbach.be\/index.php\/wp-json\/wp\/v2\/pages\/1449\/revisions"}],"predecessor-version":[{"id":4190,"href":"https:\/\/merzbach.be\/index.php\/wp-json\/wp\/v2\/pages\/1449\/revisions\/4190"}],"wp:featuredmedia":[{"embeddable":true,"href":"https:\/\/merzbach.be\/index.php\/wp-json\/wp\/v2\/media\/1077"}],"wp:attachment":[{"href":"https:\/\/merzbach.be\/index.php\/wp-json\/wp\/v2\/media?parent=1449"}],"curies":[{"name":"wp","href":"https:\/\/api.w.org\/{rel}","templated":true}]}}

<!-- This site is optimized with the Yoast SEO plugin v19.8 - https://yoast.com/wordpress/plugins/seo/ -->
<title>Charles le Hardy de Beaulieu | Merzbach .be</title>
<meta name="description" content="Charles le Hardy de Beaulieu est le papa de Pauline le Hardy de Beaulieu. C&#039;était un grand avocat à Bruxelles. Il est né en 1819 à Ixelles et décède en 1875" />
<meta name="robots" content="index, follow, max-snippet:-1, max-image-preview:large, max-video-preview:-1" />
<link rel="canonical" href="https://merzbach.be/index.php/charles-le-hardy-de-beaulieu/" />
<meta property="og:locale" content="en_US" />
<meta property="og:type" content="article" />
<meta property="og:title" content="Charles le Hardy de Beaulieu | Merzbach .be" />
<meta property="og:description" content="Charles le Hardy de Beaulieu est le papa de Pauline le Hardy de Beaulieu. C&#039;était un grand avocat à Bruxelles. Il est né en 1819 à Ixelles et décède en 1875" />
<meta property="og:url" content="https://merzbach.be/index.php/charles-le-hardy-de-beaulieu/" />
<meta property="og:site_name" content="Merzbach" />
<meta property="article:modified_time" content="2020-05-11T22:11:03+00:00" />
<meta name="twitter:card" content="summary_large_image" />
<meta name="twitter:label1" content="Est. reading time" />
	<meta name="twitter:data1" content="22 minutes" />
<script type="application/ld+json" class="yoast-schema-graph">{"@context":"https://schema.org","@graph":[{"@type":"WebPage","@id":"https://merzbach.be/index.php/charles-le-hardy-de-beaulieu/","url":"https://merzbach.be/index.php/charles-le-hardy-de-beaulieu/","name":"Charles le Hardy de Beaulieu | Merzbach .be","isPartOf":{"@id":"https://merzbach.be/#website"},"datePublished":"2020-03-03T22:00:02+00:00","dateModified":"2020-05-11T22:11:03+00:00","breadcrumb":{"@id":"https://merzbach.be/index.php/charles-le-hardy-de-beaulieu/#breadcrumb"},"inLanguage":"en-US"},{"@type":"WebSite","@id":"https://merzbach.be/#website","url":"https://merzbach.be/","name":"Merzbach","description":"Merzbach&#039;s Familly","publisher":{"@id":"https://merzbach.be/#/schema/person/4fa577873e7be3faca897be81b348d63"},"potentialAction":[{"@type":"SearchAction","target":{"@type":"EntryPoint","urlTemplate":"https://merzbach.be/?s={search_term_string}"},"query-input":"required name=search_term_string"}],"inLanguage":"en-US"}]}</script>
<!-- / Yoast SEO plugin. -->

Charles le Hardy de Beaulieu est le papa de Pauline le Hardy de Beaulieu. C'était un grand avocat à Bruxelles. Il est né en 1819 à Ixelles et décède en 1875
